Last updated on 2025-07-17 04:54:37 CEST.
Flavor | Version | Tinstall | Tcheck | Ttotal | Status | Flags |
---|---|---|---|---|---|---|
r-devel-linux-x86_64-debian-clang | 1.0.2 | 2.82 | 23.05 | 25.87 | NOTE | |
r-devel-linux-x86_64-debian-gcc | 1.0.2 | 2.38 | 18.71 | 21.09 | NOTE | |
r-devel-linux-x86_64-fedora-clang | 1.0.2 | 39.82 | OK | |||
r-devel-linux-x86_64-fedora-gcc | 1.0.2 | 37.31 | OK | |||
r-devel-windows-x86_64 | 1.0.2 | 4.00 | 46.00 | 50.00 | OK | |
r-patched-linux-x86_64 | 1.0.2 | 2.96 | 21.35 | 24.31 | OK | |
r-release-linux-x86_64 | 1.0.2 | 2.41 | 21.51 | 23.92 | OK | |
r-release-macos-arm64 | 1.0.2 | 16.00 | OK | |||
r-release-macos-x86_64 | 1.0.2 | 28.00 | OK | |||
r-release-windows-x86_64 | 1.0.2 | 5.00 | 46.00 | 51.00 | OK | |
r-oldrel-macos-arm64 | 1.0.2 | 17.00 | OK | |||
r-oldrel-macos-x86_64 | 1.0.2 | 30.00 | OK | |||
r-oldrel-windows-x86_64 | 1.0.2 | 5.00 | 47.00 | 52.00 | OK |
Version: 1.0.2
Check: CRAN incoming feasibility
Result: NOTE
Maintainer: ‘Jiqiang Guo <guojq28@gmail.com>’
No Authors@R field in DESCRIPTION.
Please add one, modifying
Authors@R: person(given = "Jiqiang",
family = "Guo",
role = c("aut", "cre"),
email = "guojq28@gmail.com")
as necessary.
Flavors: r-devel-linux-x86_64-debian-clang, r-devel-linux-x86_64-debian-gcc