Last updated on 2024-07-18 09:52:12 CEST.
Flavor | Version | Tinstall | Tcheck | Ttotal | Status | Flags |
---|---|---|---|---|---|---|
r-devel-linux-x86_64-debian-clang | 1.0 | 2.87 | 62.91 | 65.78 | OK | |
r-devel-linux-x86_64-debian-gcc | 1.0 | 3.34 | 48.71 | 52.05 | OK | |
r-devel-linux-x86_64-fedora-clang | 1.0 | 82.83 | NOTE | |||
r-devel-linux-x86_64-fedora-gcc | 1.0 | 82.61 | NOTE | |||
r-devel-windows-x86_64 | 1.0 | 5.00 | 77.00 | 82.00 | OK | |
r-patched-linux-x86_64 | 1.0 | 4.56 | 60.54 | 65.10 | OK | |
r-release-linux-x86_64 | 1.0 | 3.92 | 61.09 | 65.01 | OK | |
r-release-macos-arm64 | 1.0 | 32.00 | OK | |||
r-release-macos-x86_64 | 1.0 | 45.00 | OK | |||
r-release-windows-x86_64 | 1.0 | 6.00 | 78.00 | 84.00 | OK | |
r-oldrel-macos-arm64 | 1.0 | 34.00 | OK | |||
r-oldrel-macos-x86_64 | 1.0 | 53.00 | OK | |||
r-oldrel-windows-x86_64 | 1.0 | 6.00 | 82.00 | 88.00 | OK |
Version: 1.0
Check: dependencies in R code
Result: NOTE
Namespace in Imports field not imported from: ‘RColorBrewer’
All declared Imports should be used.
Flavors: r-devel-linux-x86_64-fedora-clang, r-devel-linux-x86_64-fedora-gcc