Last updated on 2024-07-18 04:50:13 CEST.
Flavor | Version | Tinstall | Tcheck | Ttotal | Status | Flags |
---|---|---|---|---|---|---|
r-devel-linux-x86_64-debian-clang | 5.1 | 27.98 | 179.25 | 207.23 | NOTE | |
r-devel-linux-x86_64-debian-gcc | 5.1 | 19.82 | 126.94 | 146.76 | NOTE | |
r-devel-linux-x86_64-fedora-clang | 5.1 | 258.27 | NOTE | |||
r-devel-linux-x86_64-fedora-gcc | 5.1 | 233.77 | NOTE | |||
r-devel-windows-x86_64 | 5.1 | 21.00 | 144.00 | 165.00 | NOTE | |
r-patched-linux-x86_64 | 5.1 | 29.43 | 148.25 | 177.68 | NOTE | |
r-release-linux-x86_64 | 5.1 | 21.99 | 149.58 | 171.57 | NOTE | |
r-release-macos-arm64 | 5.1 | 54.00 | NOTE | |||
r-release-macos-x86_64 | 5.1 | 81.00 | NOTE | |||
r-release-windows-x86_64 | 5.1 | 18.00 | 135.00 | 153.00 | NOTE | |
r-oldrel-macos-arm64 | 5.1 | 66.00 | OK | |||
r-oldrel-macos-x86_64 | 5.1 | 98.00 | OK | |||
r-oldrel-windows-x86_64 | 5.1 | 27.00 | 192.00 | 219.00 | OK |
Version: 5.1
Check: Rd files
Result: NOTE
checkRd: (-1) difTID.Rd:185: Lost braces
185 | \code{\link[deltaPlotR]{deltaPlot}}, code{\link[deltaPlotR]{diagPlot}}, \code{\link{dichoDif}}
| ^
Flavors: r-devel-linux-x86_64-debian-clang, r-devel-linux-x86_64-debian-gcc, r-devel-linux-x86_64-fedora-clang, r-devel-linux-x86_64-fedora-gcc, r-devel-windows-x86_64, r-patched-linux-x86_64, r-release-linux-x86_64, r-release-macos-arm64, r-release-macos-x86_64, r-release-windows-x86_64
Version: 5.1
Check: Rd cross-references
Result: NOTE
Found the following Rd file(s) with Rd \link{} targets missing package
anchors:
itemPar1PL.rd: rasch
Please provide package anchors for all Rd \link{} targets not in the
package itself and the base packages.
Flavor: r-devel-windows-x86_64