CRAN Package Check Results for Package directotree

Last updated on 2025-07-24 13:49:12 CEST.

Flavor Version Tinstall Tcheck Ttotal Status Flags
r-devel-linux-x86_64-debian-clang 1.0.0 2.89 24.14 27.03 OK
r-devel-linux-x86_64-debian-gcc 1.0.0 2.14 19.41 21.55 OK
r-devel-linux-x86_64-fedora-clang 1.0.0 41.75 OK
r-devel-linux-x86_64-fedora-gcc 1.0.0 39.94 OK
r-devel-windows-x86_64 1.0.0 5.00 45.00 50.00 OK
r-patched-linux-x86_64 1.0.0 2.95 23.36 26.31 OK
r-release-linux-x86_64 1.0.0 2.78 23.06 25.84 OK
r-release-macos-arm64 1.0.0 21.00 OK
r-release-macos-x86_64 1.0.0 27.00 OK
r-release-windows-x86_64 1.0.0 5.00 47.00 52.00 OK
r-oldrel-macos-arm64 1.0.0 20.00 NOTE
r-oldrel-macos-x86_64 1.0.0 32.00 NOTE
r-oldrel-windows-x86_64 1.0.0 5.00 51.00 56.00 NOTE

Check Details

Version: 1.0.0
Check: LazyData
Result: NOTE 'LazyData' is specified without a 'data' directory Flavors: r-oldrel-macos-arm64, r-oldrel-macos-x86_64, r-oldrel-windows-x86_64