Last updated on 2024-07-18 09:52:13 CEST.
Flavor | Version | Tinstall | Tcheck | Ttotal | Status | Flags |
---|---|---|---|---|---|---|
r-devel-linux-x86_64-debian-clang | 1.3-14 | 55.00 | 398.47 | 453.47 | NOTE | |
r-devel-linux-x86_64-debian-gcc | 1.3-14 | 47.23 | 278.46 | 325.69 | NOTE | |
r-devel-linux-x86_64-fedora-clang | 1.3-14 | 556.91 | NOTE | |||
r-devel-linux-x86_64-fedora-gcc | 1.3-14 | 533.66 | NOTE | |||
r-devel-windows-x86_64 | 1.3-14 | 50.00 | 235.00 | 285.00 | NOTE | --no-vignettes |
r-patched-linux-x86_64 | 1.3-14 | 56.96 | 365.04 | 422.00 | NOTE | |
r-release-linux-x86_64 | 1.3-14 | 57.71 | 365.36 | 423.07 | NOTE | |
r-release-macos-arm64 | 1.3-14 | 122.00 | NOTE | |||
r-release-macos-x86_64 | 1.3-14 | 200.00 | NOTE | |||
r-release-windows-x86_64 | 1.3-14 | 50.00 | 244.00 | 294.00 | NOTE | --no-vignettes |
r-oldrel-macos-arm64 | 1.3-14 | 119.00 | OK | |||
r-oldrel-macos-x86_64 | 1.3-14 | 412.00 | OK | |||
r-oldrel-windows-x86_64 | 1.3-14 | 68.00 | 340.00 | 408.00 | OK | --no-vignettes |
Version: 1.3-14
Check: Rd files
Result: NOTE
checkRd: (-1) mess.Rd:28: Lost braces
28 | Elith J., M. Kearney M., and S. Phillips, 2010. The art of modelling range-shifting species. \doi{10.1111/j.2041-210X.2010.00036.x}{Methods in Ecology and Evolution 1:330-342}.
| ^
Flavors: r-devel-linux-x86_64-debian-clang, r-devel-linux-x86_64-debian-gcc, r-devel-linux-x86_64-fedora-clang, r-devel-linux-x86_64-fedora-gcc, r-patched-linux-x86_64, r-release-linux-x86_64, r-release-macos-arm64, r-release-macos-x86_64
Version: 1.3-14
Check: data for non-ASCII characters
Result: NOTE
Note: found 106 marked UTF-8 strings
Flavors: r-devel-linux-x86_64-fedora-clang, r-devel-linux-x86_64-fedora-gcc
Version: 1.3-14
Flags: --no-vignettes
Check: Rd files
Result: NOTE
checkRd: (-1) mess.Rd:28: Lost braces
28 | Elith J., M. Kearney M., and S. Phillips, 2010. The art of modelling range-shifting species. \doi{10.1111/j.2041-210X.2010.00036.x}{Methods in Ecology and Evolution 1:330-342}.
| ^
Flavors: r-devel-windows-x86_64, r-release-windows-x86_64
Version: 1.3-14
Flags: --no-vignettes
Check: Rd cross-references
Result: NOTE
Found the following Rd file(s) with Rd \link{} targets missing package
anchors:
gbif.Rd: drawExtent, extent
gmap.Rd: plotRGB
mess.Rd: writeRaster
predict.Rd: writeRaster
randomPoints.Rd: Extent
Please provide package anchors for all Rd \link{} targets not in the
package itself and the base packages.
Flavor: r-devel-windows-x86_64