CRAN Package Check Results for Package distcomp

Last updated on 2025-07-21 17:50:12 CEST.

Flavor Version Tinstall Tcheck Ttotal Status Flags
r-devel-linux-x86_64-debian-clang 1.3-3 19.59 103.37 122.96 NOTE
r-devel-linux-x86_64-debian-gcc 1.3-3 14.50 76.94 91.44 NOTE
r-devel-linux-x86_64-fedora-clang 1.3-3 193.95 NOTE
r-devel-linux-x86_64-fedora-gcc 1.3-3 200.12 NOTE
r-devel-windows-x86_64 1.3-3 24.00 116.00 140.00 NOTE
r-patched-linux-x86_64 1.3-3 19.27 96.99 116.26 NOTE
r-release-linux-x86_64 1.3-3 19.37 97.31 116.68 NOTE
r-release-macos-arm64 1.3-3 78.00 NOTE
r-release-macos-x86_64 1.3-3 124.00 NOTE
r-release-windows-x86_64 1.3-3 26.00 112.00 138.00 NOTE
r-oldrel-macos-arm64 1.3-3 63.00 OK
r-oldrel-macos-x86_64 1.3-3 102.00 OK
r-oldrel-windows-x86_64 1.3-3 33.00 144.00 177.00 OK

Check Details

Version: 1.3-3
Check: compiled code
Result: NOTE File ‘distcomp/libs/distcomp.so’: Found non-API call to R: ‘NAMED’ Compiled code should not call non-API entry points in R. See ‘Writing portable packages’ in the ‘Writing R Extensions’ manual, and section ‘Moving into C API compliance’ for issues with the use of non-API entry points. Flavors: r-devel-linux-x86_64-debian-clang, r-devel-linux-x86_64-debian-gcc, r-devel-linux-x86_64-fedora-clang, r-devel-linux-x86_64-fedora-gcc, r-patched-linux-x86_64, r-release-linux-x86_64, r-release-macos-arm64, r-release-macos-x86_64

Version: 1.3-3
Check: compiled code
Result: NOTE File 'distcomp/libs/x64/distcomp.dll': Found non-API call to R: 'NAMED' Compiled code should not call non-API entry points in R. See 'Writing portable packages' in the 'Writing R Extensions' manual, and section 'Moving into C API compliance' for issues with the use of non-API entry points. Flavors: r-devel-windows-x86_64, r-release-windows-x86_64