Last updated on 2024-07-18 04:50:13 CEST.
Flavor | Version | Tinstall | Tcheck | Ttotal | Status | Flags |
---|---|---|---|---|---|---|
r-devel-linux-x86_64-debian-clang | 2.4.7 | 12.11 | 128.23 | 140.34 | OK | |
r-devel-linux-x86_64-debian-gcc | 2.4.7 | 9.22 | 97.45 | 106.67 | OK | |
r-devel-linux-x86_64-fedora-clang | 2.4.7 | 184.76 | OK | |||
r-devel-linux-x86_64-fedora-gcc | 2.4.7 | 180.17 | OK | |||
r-devel-windows-x86_64 | 2.4.7 | 9.00 | 193.00 | 202.00 | NOTE | |
r-patched-linux-x86_64 | 2.4.7 | 12.91 | 126.52 | 139.43 | OK | |
r-release-linux-x86_64 | 2.4.7 | 11.18 | 126.40 | 137.58 | OK | |
r-release-macos-arm64 | 2.4.7 | 66.00 | OK | |||
r-release-macos-x86_64 | 2.4.7 | 160.00 | OK | |||
r-release-windows-x86_64 | 2.4.7 | 9.00 | 194.00 | 203.00 | OK | |
r-oldrel-macos-arm64 | 2.4.7 | 76.00 | OK | |||
r-oldrel-macos-x86_64 | 2.4.7 | 114.00 | OK | |||
r-oldrel-windows-x86_64 | 2.4.7 | 13.00 | 190.00 | 203.00 | OK |
Version: 2.4.7
Check: Rd cross-references
Result: NOTE
Found the following Rd file(s) with Rd \link{} targets missing package
anchors:
cr.Rd: smooth.construct.cr.smooth.spec
ps.Rd: smooth.construct.ps.smooth.spec
smooth.construct.cb.smooth.spec.Rd: smooth.construct.ps.smooth.spec,
smooth.construct.cr.smooth.spec,
smooth.construct.tensor.smooth.spec
Please provide package anchors for all Rd \link{} targets not in the
package itself and the base packages.
Flavor: r-devel-windows-x86_64