Last updated on 2024-07-18 04:50:13 CEST.
Flavor | Version | Tinstall | Tcheck | Ttotal | Status | Flags |
---|---|---|---|---|---|---|
r-devel-linux-x86_64-debian-clang | 0.1.0 | 6.59 | 55.68 | 62.27 | NOTE | |
r-devel-linux-x86_64-debian-gcc | 0.1.0 | 5.06 | 41.19 | 46.25 | NOTE | |
r-devel-linux-x86_64-fedora-clang | 0.1.0 | 80.94 | NOTE | |||
r-devel-linux-x86_64-fedora-gcc | 0.1.0 | 85.41 | NOTE | |||
r-devel-windows-x86_64 | 0.1.0 | 8.00 | 63.00 | 71.00 | NOTE | |
r-patched-linux-x86_64 | 0.1.0 | 4.26 | 52.12 | 56.38 | NOTE | |
r-release-linux-x86_64 | 0.1.0 | 4.01 | 52.82 | 56.83 | NOTE | |
r-release-macos-arm64 | 0.1.0 | 33.00 | NOTE | |||
r-release-macos-x86_64 | 0.1.0 | 50.00 | NOTE | |||
r-release-windows-x86_64 | 0.1.0 | 8.00 | 63.00 | 71.00 | NOTE | |
r-oldrel-macos-arm64 | 0.1.0 | 36.00 | NOTE | |||
r-oldrel-macos-x86_64 | 0.1.0 | 63.00 | NOTE | |||
r-oldrel-windows-x86_64 | 0.1.0 | 10.00 | 70.00 | 80.00 | NOTE |
Version: 0.1.0
Check: LazyData
Result: NOTE
'LazyData' is specified without a 'data' directory
Flavors: r-devel-linux-x86_64-debian-clang, r-devel-linux-x86_64-debian-gcc, r-devel-linux-x86_64-fedora-clang, r-devel-linux-x86_64-fedora-gcc, r-devel-windows-x86_64, r-patched-linux-x86_64, r-release-linux-x86_64, r-release-macos-arm64, r-release-macos-x86_64, r-release-windows-x86_64, r-oldrel-macos-arm64, r-oldrel-macos-x86_64, r-oldrel-windows-x86_64
Version: 0.1.0
Check: dependencies in R code
Result: NOTE
Namespaces in Imports field not imported from:
‘tidyr’ ‘tidyverse’
All declared Imports should be used.
Flavors: r-devel-linux-x86_64-fedora-clang, r-devel-linux-x86_64-fedora-gcc