CRAN Package Check Results for Package eudata

Last updated on 2025-07-15 09:51:23 CEST.

Flavor Version Tinstall Tcheck Ttotal Status Flags
r-devel-linux-x86_64-debian-clang 0.1.2 1.43 2.53 3.96 ERROR
r-devel-linux-x86_64-debian-gcc 0.1.2 1.03 1.82 2.85 ERROR
r-devel-linux-x86_64-fedora-clang 0.1.3 73.68 OK
r-devel-linux-x86_64-fedora-gcc 0.1.3 88.39 OK
r-devel-windows-x86_64 0.1.3 6.00 74.00 80.00 OK
r-release-linux-x86_64 0.1.2 3.64 41.82 45.46 OK
r-release-macos-arm64 0.1.2 47.00 OK
r-release-macos-x86_64 0.1.3 60.00 OK
r-release-windows-x86_64 0.1.2 2.00 5.00 7.00 ERROR
r-oldrel-macos-arm64 0.1.2 59.00 OK
r-oldrel-macos-x86_64 0.1.3 72.00 OK
r-oldrel-windows-x86_64 0.1.3 9.00 163.00 172.00 OK

Check Details

Version: 0.1.2
Check: whether package can be installed
Result: ERROR Installation failed. Flavors: r-devel-linux-x86_64-debian-clang, r-devel-linux-x86_64-debian-gcc, r-release-windows-x86_64