Last updated on 2025-07-20 23:50:38 CEST.
Flavor | Version | Tinstall | Tcheck | Ttotal | Status | Flags |
---|---|---|---|---|---|---|
r-devel-linux-x86_64-debian-clang | 1.1.0 | 81.19 | 80.36 | 161.55 | OK | |
r-devel-linux-x86_64-debian-gcc | 1.1.0 | 54.45 | 56.92 | 111.37 | OK | |
r-devel-linux-x86_64-fedora-clang | 1.1.0 | 291.56 | OK | |||
r-devel-linux-x86_64-fedora-gcc | 1.1.0 | 281.93 | OK | |||
r-devel-windows-x86_64 | 1.1.0 | 88.00 | 127.00 | 215.00 | OK | |
r-patched-linux-x86_64 | 1.1.0 | 81.00 | 76.47 | 157.47 | OK | |
r-release-linux-x86_64 | 1.1.0 | 79.86 | 75.47 | 155.33 | OK | |
r-release-macos-arm64 | 1.1.0 | 90.00 | OK | |||
r-release-macos-x86_64 | 1.1.0 | 120.00 | OK | |||
r-release-windows-x86_64 | 1.1.0 | 83.00 | 127.00 | 210.00 | OK | |
r-oldrel-macos-arm64 | 1.1.0 | 76.00 | NOTE | |||
r-oldrel-macos-x86_64 | 1.1.0 | 92.00 | NOTE | |||
r-oldrel-windows-x86_64 | 1.1.0 | 108.00 | 149.00 | 257.00 | OK |
Version: 1.1.0
Check: installed package size
Result: NOTE
installed size is 7.6Mb
sub-directories of 1Mb or more:
doc 2.5Mb
libs 4.7Mb
Flavors: r-oldrel-macos-arm64, r-oldrel-macos-x86_64