Last updated on 2024-07-18 09:52:14 CEST.
Flavor | Version | Tinstall | Tcheck | Ttotal | Status | Flags |
---|---|---|---|---|---|---|
r-devel-linux-x86_64-debian-clang | 2.1.0 | 162.70 | 39.04 | 201.74 | OK | |
r-devel-linux-x86_64-debian-gcc | 2.1.0 | 95.49 | 29.50 | 124.99 | OK | |
r-devel-linux-x86_64-fedora-clang | 2.1.0 | 223.89 | OK | |||
r-devel-linux-x86_64-fedora-gcc | 2.1.0 | 236.06 | OK | |||
r-devel-windows-x86_64 | 2.1.0 | 113.00 | 78.00 | 191.00 | OK | |
r-patched-linux-x86_64 | 2.1.0 | 127.40 | 37.65 | 165.05 | OK | |
r-release-linux-x86_64 | 2.1.0 | 122.44 | 38.13 | 160.57 | OK | |
r-release-macos-arm64 | 2.1.0 | 54.00 | NOTE | |||
r-release-macos-x86_64 | 2.1.0 | 80.00 | NOTE | |||
r-release-windows-x86_64 | 2.1.0 | 116.00 | 77.00 | 193.00 | OK | |
r-oldrel-macos-arm64 | 2.1.0 | 81.00 | NOTE | |||
r-oldrel-macos-x86_64 | 2.1.0 | 118.00 | NOTE | |||
r-oldrel-windows-x86_64 | 2.1.0 | 115.00 | 83.00 | 198.00 | OK |
Version: 2.1.0
Check: installed package size
Result: NOTE
installed size is 7.6Mb
sub-directories of 1Mb or more:
doc 1.8Mb
libs 5.7Mb
Flavors: r-release-macos-arm64, r-release-macos-x86_64, r-oldrel-macos-arm64, r-oldrel-macos-x86_64