Last updated on 2024-05-13 09:50:44 CEST.
Flavor | Version | Tinstall | Tcheck | Ttotal | Status | Flags |
---|---|---|---|---|---|---|
r-devel-linux-x86_64-debian-clang | 8.22.0 | 147.84 | 416.61 | 564.45 | OK | |
r-devel-linux-x86_64-debian-gcc | 8.22.0 | 108.71 | 290.61 | 399.32 | OK | |
r-devel-linux-x86_64-fedora-clang | 8.22.0 | 730.08 | OK | |||
r-devel-linux-x86_64-fedora-gcc | 8.22.0 | 771.57 | OK | |||
r-devel-windows-x86_64 | 8.22.0 | 113.00 | 352.00 | 465.00 | OK | |
r-patched-linux-x86_64 | 8.22.0 | 148.72 | 405.06 | 553.78 | OK | |
r-release-linux-x86_64 | 8.22.0 | 141.26 | 405.17 | 546.43 | OK | |
r-release-macos-arm64 | 8.22.0 | 162.00 | NOTE | |||
r-release-macos-x86_64 | 8.22.0 | 411.00 | NOTE | |||
r-release-windows-x86_64 | 8.22.0 | 113.00 | 355.00 | 468.00 | OK | |
r-oldrel-macos-arm64 | 8.22.0 | 160.00 | OK | |||
r-oldrel-macos-x86_64 | 8.22.0 | 351.00 | NOTE | |||
r-oldrel-windows-x86_64 | 8.22.0 | 141.00 | 453.00 | 594.00 | OK |
Version: 8.22.0
Check: installed package size
Result: NOTE
installed size is 5.0Mb
sub-directories of 1Mb or more:
libs 3.4Mb
Flavors: r-release-macos-arm64, r-release-macos-x86_64, r-oldrel-macos-x86_64