Last updated on 2024-07-18 09:52:16 CEST.
Flavor | Version | Tinstall | Tcheck | Ttotal | Status | Flags |
---|---|---|---|---|---|---|
r-devel-linux-x86_64-debian-clang | 1.5-18 | 41.42 | 98.48 | 139.90 | OK | |
r-devel-linux-x86_64-debian-gcc | 1.5-18 | 32.26 | 70.85 | 103.11 | OK | |
r-devel-linux-x86_64-fedora-clang | 1.5-18 | 204.01 | OK | |||
r-devel-linux-x86_64-fedora-gcc | 1.5-18 | 198.38 | OK | |||
r-devel-windows-x86_64 | 1.5-18 | 46.00 | 119.00 | 165.00 | OK | |
r-patched-linux-x86_64 | 1.5-18 | 38.93 | 91.02 | 129.95 | OK | |
r-release-linux-x86_64 | 1.5-18 | 40.87 | 92.92 | 133.79 | OK | |
r-release-macos-arm64 | 1.5-18 | 52.00 | OK | |||
r-release-macos-x86_64 | 1.5-18 | 80.00 | OK | |||
r-release-windows-x86_64 | 1.5-18 | 45.00 | 127.00 | 172.00 | OK | |
r-oldrel-macos-arm64 | 1.5-18 | 64.00 | OK | |||
r-oldrel-macos-x86_64 | 1.5-18 | 100.00 | NOTE | |||
r-oldrel-windows-x86_64 | 1.5-18 | 52.00 | 137.00 | 189.00 | OK |
Version: 1.5-18
Check: re-building of vignette outputs
Result: NOTE
Error(s) in re-building vignettes:
...
--- re-building ‘geosphere.Rnw’ using Sweave
Loading required namespace: raster
Error: processing vignette 'geosphere.Rnw' failed with diagnostics:
Running 'texi2dvi' on 'geosphere.tex' failed.
LaTeX errors:
! LaTeX Error: File `hanging.sty' not found.
Type X to quit or <RETURN> to proceed,
or enter new name. (Default extension: sty)
! Emergency stop.
<read *>
l.10 ^^M
! ==> Fatal error occurred, no output PDF file produced!
--- failed re-building ‘geosphere.Rnw’
SUMMARY: processing the following file failed:
‘geosphere.Rnw’
Error: Vignette re-building failed.
Execution halted
Flavor: r-oldrel-macos-x86_64