Last updated on 2024-07-18 04:50:15 CEST.
Flavor | Version | Tinstall | Tcheck | Ttotal | Status | Flags |
---|---|---|---|---|---|---|
r-devel-linux-x86_64-debian-clang | 0.5-2 | 41.35 | 247.39 | 288.74 | OK | |
r-devel-linux-x86_64-debian-gcc | 0.5-2 | 29.06 | 176.77 | 205.83 | OK | |
r-devel-linux-x86_64-fedora-clang | 0.5-2 | 351.94 | NOTE | |||
r-devel-linux-x86_64-fedora-gcc | 0.5-2 | 218.67 | NOTE | |||
r-devel-windows-x86_64 | 0.5-2 | 30.00 | 174.00 | 204.00 | OK | |
r-patched-linux-x86_64 | 0.5-1 | 27.97 | 228.66 | 256.63 | OK | |
r-release-linux-x86_64 | 0.5-2 | 24.21 | 235.83 | 260.04 | OK | |
r-release-macos-arm64 | 0.5-2 | 98.00 | OK | |||
r-release-macos-x86_64 | 0.5-2 | 238.00 | OK | |||
r-release-windows-x86_64 | 0.5-2 | 33.00 | 172.00 | 205.00 | OK | |
r-oldrel-macos-arm64 | 0.5-2 | 110.00 | OK | |||
r-oldrel-macos-x86_64 | 0.5-2 | 217.00 | OK | |||
r-oldrel-windows-x86_64 | 0.5-2 | 38.00 | 223.00 | 261.00 | OK |
Version: 0.5-2
Check: dependencies in R code
Result: NOTE
Namespaces in Imports field not imported from:
‘DiceKriging’ ‘rgenoud’
All declared Imports should be used.
Flavors: r-devel-linux-x86_64-fedora-clang, r-devel-linux-x86_64-fedora-gcc