CRAN Package Check Results for Package glmpath

Last updated on 2025-07-17 17:50:15 CEST.

Flavor Version Tinstall Tcheck Ttotal Status Flags
r-devel-linux-x86_64-debian-clang 0.98 11.48 65.41 76.89 NOTE
r-devel-linux-x86_64-debian-gcc 0.98 7.38 49.09 56.47 NOTE
r-devel-linux-x86_64-fedora-clang 0.98 112.35 OK
r-devel-linux-x86_64-fedora-gcc 0.98 114.27 OK
r-devel-windows-x86_64 0.98 14.00 83.00 97.00 OK
r-patched-linux-x86_64 0.98 11.06 63.82 74.88 OK
r-release-linux-x86_64 0.98 10.47 62.97 73.44 OK
r-release-macos-arm64 0.98 49.00 OK
r-release-macos-x86_64 0.98 71.00 OK
r-release-windows-x86_64 0.98 15.00 85.00 100.00 OK
r-oldrel-macos-arm64 0.98 40.00 OK
r-oldrel-macos-x86_64 0.98 57.00 OK
r-oldrel-windows-x86_64 0.98 18.00 97.00 115.00 OK

Check Details

Version: 0.98
Check: CRAN incoming feasibility
Result: NOTE Maintainer: ‘Mee Young Park <meeyoung@google.com>’ No Authors@R field in DESCRIPTION. Please add one, modifying Authors@R: c(person(given = c("Mee", "Young"), family = "Park", role = c("aut", "cre"), email = "meeyoung@google.com"), person(given = "Trevor", family = "Hastie", role = "aut")) as necessary. Flavors: r-devel-linux-x86_64-debian-clang, r-devel-linux-x86_64-debian-gcc