CRAN Package Check Results for Package hcandersenr

Last updated on 2025-07-13 17:48:31 CEST.

Flavor Version Tinstall Tcheck Ttotal Status Flags
r-devel-linux-x86_64-debian-clang 0.2.0 4.18 20.55 24.73 OK
r-devel-linux-x86_64-debian-gcc 0.2.0 3.16 17.35 20.51 OK
r-devel-linux-x86_64-fedora-clang 0.2.0 33.99 OK
r-devel-linux-x86_64-fedora-gcc 0.2.0 32.89 OK
r-devel-windows-x86_64 0.2.0 6.00 40.00 46.00 OK
r-patched-linux-x86_64 0.2.0 4.29 18.50 22.79 OK
r-release-linux-x86_64 0.2.0 3.98 19.10 23.08 OK
r-release-macos-arm64 0.2.0 18.00 OK
r-release-macos-x86_64 0.2.0 33.00 OK
r-release-windows-x86_64 0.2.0 5.00 42.00 47.00 OK
r-oldrel-macos-arm64 0.2.0 17.00 OK
r-oldrel-macos-x86_64 0.2.0 32.00 NOTE
r-oldrel-windows-x86_64 0.2.0 6.00 37.00 43.00 OK

Check Details

Version: 0.2.0
Check: installed package size
Result: NOTE installed size is 5.3Mb sub-directories of 1Mb or more: data 4.5Mb Flavor: r-oldrel-macos-x86_64