Last updated on 2024-07-18 09:52:24 CEST.
Flavor | Version | Tinstall | Tcheck | Ttotal | Status | Flags |
---|---|---|---|---|---|---|
r-devel-linux-x86_64-debian-clang | 0.6 | 2.12 | 26.06 | 28.18 | NOTE | |
r-devel-linux-x86_64-debian-gcc | 0.6 | 2.14 | 19.62 | 21.76 | NOTE | |
r-devel-linux-x86_64-fedora-clang | 0.6 | 36.41 | NOTE | |||
r-devel-linux-x86_64-fedora-gcc | 0.6 | 33.91 | NOTE | |||
r-devel-windows-x86_64 | 0.6 | 4.00 | 41.00 | 45.00 | OK | |
r-patched-linux-x86_64 | 0.6 | 2.55 | 25.38 | 27.93 | NOTE | |
r-release-linux-x86_64 | 0.6 | 2.72 | 24.87 | 27.59 | NOTE | |
r-release-macos-arm64 | 0.6 | 15.00 | OK | |||
r-release-macos-x86_64 | 0.6 | 21.00 | OK | |||
r-release-windows-x86_64 | 0.6 | 3.00 | 41.00 | 44.00 | OK | |
r-oldrel-macos-arm64 | 0.6 | 17.00 | OK | |||
r-oldrel-macos-x86_64 | 0.6 | 21.00 | OK | |||
r-oldrel-windows-x86_64 | 0.6 | 4.00 | 43.00 | 47.00 | OK |
Version: 0.6
Check: for non-standard things in the check directory
Result: NOTE
Found the following files/directories:
‘c.txt’ ‘rho.txt’ ‘sta.txt’ ‘topo.txt’
Flavors: r-devel-linux-x86_64-debian-clang, r-devel-linux-x86_64-debian-gcc, r-devel-linux-x86_64-fedora-clang, r-devel-linux-x86_64-fedora-gcc, r-patched-linux-x86_64, r-release-linux-x86_64