CRAN Package Check Results for Package ipflasso

Last updated on 2025-07-19 09:48:31 CEST.

Flavor Version Tinstall Tcheck Ttotal Status Flags
r-devel-linux-x86_64-debian-clang 1.1 6.98 63.33 70.31 NOTE
r-devel-linux-x86_64-debian-gcc 1.1 5.48 46.41 51.89 NOTE
r-devel-linux-x86_64-fedora-clang 1.1 107.72 OK
r-devel-linux-x86_64-fedora-gcc 1.1 104.14 OK
r-devel-windows-x86_64 1.1 9.00 74.00 83.00 OK
r-patched-linux-x86_64 1.1 7.17 59.45 66.62 OK
r-release-linux-x86_64 1.1 7.02 60.62 67.64 OK
r-release-macos-arm64 1.1 35.00 OK
r-release-macos-x86_64 1.1 73.00 OK
r-release-windows-x86_64 1.1 7.00 71.00 78.00 OK
r-oldrel-macos-arm64 1.1 33.00 OK
r-oldrel-macos-x86_64 1.1 53.00 OK
r-oldrel-windows-x86_64 1.1 10.00 94.00 104.00 OK

Check Details

Version: 1.1
Check: CRAN incoming feasibility
Result: NOTE Maintainer: ‘Anne-Laure Boulesteix <boulesteix@ibe.med.uni-muenchen.de>’ No Authors@R field in DESCRIPTION. Please add one, modifying Authors@R: c(person(given = "Anne-Laure", family = "Boulesteix", role = c("aut", "cre"), email = "boulesteix@ibe.med.uni-muenchen.de"), person(given = "Mathias", family = "Fuchs", role = "aut"), person(given = "Gerhard", family = "Schulze", role = "aut")) as necessary. Flavors: r-devel-linux-x86_64-debian-clang, r-devel-linux-x86_64-debian-gcc