Last updated on 2024-07-18 04:50:17 CEST.
Flavor | Version | Tinstall | Tcheck | Ttotal | Status | Flags |
---|---|---|---|---|---|---|
r-devel-linux-x86_64-debian-clang | 1.3.1 | 10.24 | 83.84 | 94.08 | OK | |
r-devel-linux-x86_64-debian-gcc | 1.3.1 | 8.69 | 63.00 | 71.69 | OK | |
r-devel-linux-x86_64-fedora-clang | 1.3.1 | 127.04 | NOTE | |||
r-devel-linux-x86_64-fedora-gcc | 1.3.1 | 110.08 | NOTE | |||
r-devel-windows-x86_64 | 1.3.1 | 11.00 | 80.00 | 91.00 | NOTE | |
r-patched-linux-x86_64 | 1.3.1 | 10.86 | 81.85 | 92.71 | OK | |
r-release-linux-x86_64 | 1.3.1 | 11.30 | 76.62 | 87.92 | OK | |
r-release-macos-arm64 | 1.3.1 | 33.00 | OK | |||
r-release-macos-x86_64 | 1.3.1 | 65.00 | OK | |||
r-release-windows-x86_64 | 1.3.1 | 11.00 | 81.00 | 92.00 | OK | |
r-oldrel-macos-arm64 | 1.3.1 | 35.00 | OK | |||
r-oldrel-macos-x86_64 | 1.3.1 | 63.00 | OK | |||
r-oldrel-windows-x86_64 | 1.3.1 | 14.00 | 94.00 | 108.00 | OK |
Version: 1.3.1
Check: compiled code
Result: NOTE
File ‘kknn/libs/kknn.so’:
Found no calls to: ‘R_registerRoutines’, ‘R_useDynamicSymbols’
It is good practice to register native routines and to disable symbol
search.
See ‘Writing portable packages’ in the ‘Writing R Extensions’ manual.
Flavors: r-devel-linux-x86_64-fedora-clang, r-devel-linux-x86_64-fedora-gcc
Version: 1.3.1
Check: Rd cross-references
Result: NOTE
Found the following Rd file(s) with Rd \link{} targets missing package
anchors:
specClust.Rd: arpack
Please provide package anchors for all Rd \link{} targets not in the
package itself and the base packages.
Flavor: r-devel-windows-x86_64