Last updated on 2024-07-18 04:50:18 CEST.
Flavor | Version | Tinstall | Tcheck | Ttotal | Status | Flags |
---|---|---|---|---|---|---|
r-devel-linux-x86_64-debian-clang | 6.2.1 | 809.37 | 240.44 | 1049.81 | OK | |
r-devel-linux-x86_64-debian-gcc | 6.2.1 | 753.68 | 171.81 | 925.49 | OK | |
r-devel-linux-x86_64-fedora-clang | 6.2.1 | 1220.89 | NOTE | |||
r-devel-linux-x86_64-fedora-gcc | 6.2.1 | 1615.84 | OK | |||
r-devel-windows-x86_64 | 6.2.1 | 605.00 | 260.00 | 865.00 | NOTE | |
r-patched-linux-x86_64 | 6.2.1 | 809.91 | 231.86 | 1041.77 | OK | |
r-release-linux-x86_64 | 6.2.1 | 786.73 | 225.31 | 1012.04 | OK | |
r-release-macos-arm64 | 6.2.1 | 279.00 | NOTE | |||
r-release-macos-x86_64 | 6.2.1 | 337.00 | NOTE | |||
r-release-windows-x86_64 | 6.2.1 | 622.00 | 258.00 | 880.00 | NOTE | |
r-oldrel-macos-arm64 | 6.2.1 | 253.00 | NOTE | |||
r-oldrel-macos-x86_64 | 6.2.1 | 383.00 | NOTE | |||
r-oldrel-windows-x86_64 | 6.2.1 | 843.00 | 306.00 | 1149.00 | NOTE |
Version: 6.2.1
Check: installed package size
Result: NOTE
installed size is 12.1Mb
sub-directories of 1Mb or more:
doc 2.5Mb
libs 7.9Mb
Flavors: r-devel-linux-x86_64-fedora-clang, r-devel-windows-x86_64, r-release-macos-arm64, r-release-macos-x86_64, r-release-windows-x86_64, r-oldrel-macos-arm64, r-oldrel-macos-x86_64, r-oldrel-windows-x86_64