Last updated on 2024-07-18 09:52:28 CEST.
Flavor | Version | Tinstall | Tcheck | Ttotal | Status | Flags |
---|---|---|---|---|---|---|
r-devel-linux-x86_64-debian-clang | 0.3.2 | 38.17 | 60.25 | 98.42 | OK | |
r-devel-linux-x86_64-debian-gcc | 0.3.2 | 24.11 | 45.27 | 69.38 | OK | |
r-devel-linux-x86_64-fedora-clang | 0.3.2 | 142.62 | OK | |||
r-devel-linux-x86_64-fedora-gcc | 0.3.2 | 157.33 | OK | |||
r-devel-windows-x86_64 | 0.3.2 | 34.00 | 81.00 | 115.00 | NOTE | |
r-patched-linux-x86_64 | 0.3.2 | 39.15 | 56.75 | 95.90 | OK | |
r-release-linux-x86_64 | 0.3.2 | 28.51 | 57.85 | 86.36 | OK | |
r-release-macos-arm64 | 0.3.2 | 37.00 | OK | |||
r-release-macos-x86_64 | 0.3.2 | 51.00 | OK | |||
r-release-windows-x86_64 | 0.3.2 | 33.00 | 81.00 | 114.00 | OK | |
r-oldrel-macos-arm64 | 0.3.2 | 40.00 | OK | |||
r-oldrel-macos-x86_64 | 0.3.2 | 64.00 | OK | |||
r-oldrel-windows-x86_64 | 0.3.2 | 43.00 | 91.00 | 134.00 | OK |
Version: 0.3.2
Check: Rd cross-references
Result: NOTE
Found the following Rd file(s) with Rd \link{} targets missing package
anchors:
kNearNeighbors.Rd: knn.dist
Please provide package anchors for all Rd \link{} targets not in the
package itself and the base packages.
Flavor: r-devel-windows-x86_64