Last updated on 2024-07-18 04:50:19 CEST.
Flavor | Version | Tinstall | Tcheck | Ttotal | Status | Flags |
---|---|---|---|---|---|---|
r-devel-linux-x86_64-debian-clang | 0.2-4 | 13.63 | 220.05 | 233.68 | OK | |
r-devel-linux-x86_64-debian-gcc | 0.2-4 | 8.76 | 157.87 | 166.63 | OK | |
r-devel-linux-x86_64-fedora-clang | 0.2-4 | 276.50 | OK | |||
r-devel-linux-x86_64-fedora-gcc | 0.2-4 | 272.89 | OK | |||
r-devel-windows-x86_64 | 0.2-4 | 11.00 | 216.00 | 227.00 | NOTE | |
r-patched-linux-x86_64 | 0.2-4 | 12.88 | 210.26 | 223.14 | OK | |
r-release-linux-x86_64 | 0.2-4 | 9.62 | 213.86 | 223.48 | OK | |
r-release-macos-arm64 | 0.2-4 | 85.00 | OK | |||
r-release-macos-x86_64 | 0.2-4 | 123.00 | OK | |||
r-release-windows-x86_64 | 0.2-4 | 9.00 | 214.00 | 223.00 | OK | |
r-oldrel-macos-arm64 | 0.2-4 | 92.00 | OK | |||
r-oldrel-macos-x86_64 | 0.2-4 | 159.00 | OK | |||
r-oldrel-windows-x86_64 | 0.2-4 | 13.00 | 255.00 | 268.00 | OK |
Version: 0.2-4
Check: Rd cross-references
Result: NOTE
Found the following Rd file(s) with Rd \link{} targets missing package
anchors:
bread.glmerMod.Rd: glmerMod-class
bread.lmerMod.Rd: lmerMod-class
estfun.glmerMod.Rd: glmerMod-class
estfun.lmerMod.Rd: lmerMod-class
llcont.glmerMod.Rd: glmerMod-class
llcont.lmerMod.Rd: lmerMod-class
vcov.glmerMod.Rd: glmerMod-class
vcov.lmerMod.Rd: lmerMod-class
Please provide package anchors for all Rd \link{} targets not in the
package itself and the base packages.
Flavor: r-devel-windows-x86_64