Last updated on 2024-07-18 04:50:19 CEST.
Flavor | Version | Tinstall | Tcheck | Ttotal | Status | Flags |
---|---|---|---|---|---|---|
r-devel-linux-x86_64-debian-clang | 1.42 | 170.84 | 252.61 | 423.45 | OK | |
r-devel-linux-x86_64-debian-gcc | 1.42 | 127.92 | 208.76 | 336.68 | OK | |
r-devel-linux-x86_64-fedora-clang | 1.42 | 603.49 | OK | |||
r-devel-linux-x86_64-fedora-gcc | 1.42 | 580.12 | OK | |||
r-devel-windows-x86_64 | 1.42 | 105.00 | 245.00 | 350.00 | OK | |
r-patched-linux-x86_64 | 1.41 | 136.83 | 261.79 | 398.62 | OK | |
r-release-linux-x86_64 | 1.41 | 142.24 | 263.19 | 405.43 | OK | |
r-release-macos-arm64 | 1.42 | 131.00 | NOTE | |||
r-release-macos-x86_64 | 1.42 | 363.00 | NOTE | |||
r-release-windows-x86_64 | 1.42 | 120.00 | 237.00 | 357.00 | OK | |
r-oldrel-macos-arm64 | 1.42 | 42.00 | ERROR | |||
r-oldrel-macos-x86_64 | 1.42 | 42.00 | ERROR | |||
r-oldrel-windows-x86_64 | 1.42 | 112.00 | 285.00 | 397.00 | OK |
Version: 1.42
Check: installed package size
Result: NOTE
installed size is 9.0Mb
sub-directories of 1Mb or more:
R 2.0Mb
libs 6.3Mb
Flavors: r-release-macos-arm64, r-release-macos-x86_64
Version: 1.42
Check: whether package can be installed
Result: ERROR
Installation failed.
Flavors: r-oldrel-macos-arm64, r-oldrel-macos-x86_64