Last updated on 2025-07-19 04:49:28 CEST.
Flavor | Version | Tinstall | Tcheck | Ttotal | Status | Flags |
---|---|---|---|---|---|---|
r-devel-linux-x86_64-debian-clang | 1.0.3 | 26.17 | 33.38 | 59.55 | NOTE | |
r-devel-linux-x86_64-debian-gcc | 1.0.3 | 19.90 | 24.95 | 44.85 | NOTE | |
r-devel-linux-x86_64-fedora-clang | 1.0.3 | 115.92 | OK | |||
r-devel-linux-x86_64-fedora-gcc | 1.0.3 | 105.09 | OK | |||
r-devel-windows-x86_64 | 1.0.3 | 32.00 | 69.00 | 101.00 | OK | |
r-patched-linux-x86_64 | 1.0.3 | 26.60 | 31.96 | 58.56 | OK | |
r-release-linux-x86_64 | 1.0.3 | 28.12 | 31.56 | 59.68 | OK | |
r-release-macos-arm64 | 1.0.3 | 31.00 | OK | |||
r-release-macos-x86_64 | 1.0.3 | 51.00 | OK | |||
r-release-windows-x86_64 | 1.0.3 | 33.00 | 65.00 | 98.00 | OK | |
r-oldrel-macos-arm64 | 1.0.3 | 34.00 | OK | |||
r-oldrel-macos-x86_64 | 1.0.3 | 78.00 | OK | |||
r-oldrel-windows-x86_64 | 1.0.3 | 38.00 | 81.00 | 119.00 | OK |
Version: 1.0.3
Check: CRAN incoming feasibility
Result: NOTE
Maintainer: ‘Serguei Sokol <sokol@insa-toulouse.fr>’
No Authors@R field in DESCRIPTION.
Please add one, modifying
Authors@R: person(given = "Serguei",
family = "Sokol",
role = c("aut", "cre"),
email = "sokol@insa-toulouse.fr")
as necessary.
Flavors: r-devel-linux-x86_64-debian-clang, r-devel-linux-x86_64-debian-gcc