Last updated on 2025-07-15 09:51:30 CEST.
Flavor | Version | Tinstall | Tcheck | Ttotal | Status | Flags |
---|---|---|---|---|---|---|
r-devel-linux-x86_64-debian-clang | 1.0.0 | 7.62 | 101.24 | 108.86 | OK | |
r-devel-linux-x86_64-debian-gcc | 1.0.0 | 5.03 | 68.55 | 73.58 | OK | |
r-devel-linux-x86_64-fedora-clang | 1.0.0 | 4.38 | ERROR | |||
r-devel-linux-x86_64-fedora-gcc | 1.0.0 | 182.06 | OK | |||
r-devel-windows-x86_64 | 1.0.0 | 10.00 | 96.00 | 106.00 | OK | |
r-patched-linux-x86_64 | 1.0.0 | 8.10 | 92.42 | 100.52 | OK | |
r-release-linux-x86_64 | 1.0.0 | 6.62 | 94.54 | 101.16 | OK | |
r-release-macos-arm64 | 1.0.0 | 46.00 | OK | |||
r-release-macos-x86_64 | 1.0.0 | 112.00 | OK | |||
r-release-windows-x86_64 | 1.0.0 | 9.00 | 106.00 | 115.00 | OK | |
r-oldrel-macos-arm64 | 1.0.0 | 58.00 | OK | |||
r-oldrel-macos-x86_64 | 1.0.0 | 76.00 | OK | |||
r-oldrel-windows-x86_64 | 1.0.0 | 12.00 | 130.00 | 142.00 | OK |
Version: 1.0.0
Check: whether package can be installed
Result: ERROR
Installation failed.
Flavor: r-devel-linux-x86_64-fedora-clang