CRAN Package Check Results for Package multirich

Last updated on 2025-07-17 17:50:20 CEST.

Flavor Version Tinstall Tcheck Ttotal Status Flags
r-devel-linux-x86_64-debian-clang 2.1.3 2.26 24.98 27.24 NOTE
r-devel-linux-x86_64-debian-gcc 2.1.3 1.76 20.36 22.12 NOTE
r-devel-linux-x86_64-fedora-clang 2.1.3 45.21 OK
r-devel-linux-x86_64-fedora-gcc 2.1.3 54.87 OK
r-devel-windows-x86_64 2.1.3 4.00 46.00 50.00 OK
r-patched-linux-x86_64 2.1.3 2.49 24.07 26.56 OK
r-release-linux-x86_64 2.1.3 2.19 23.42 25.61 OK
r-release-macos-arm64 2.1.3 24.00 OK
r-release-macos-x86_64 2.1.3 72.00 OK
r-release-windows-x86_64 2.1.3 5.00 48.00 53.00 OK
r-oldrel-macos-arm64 2.1.3 22.00 OK
r-oldrel-macos-x86_64 2.1.3 36.00 OK
r-oldrel-windows-x86_64 2.1.3 4.00 60.00 64.00 OK

Check Details

Version: 2.1.3
Check: CRAN incoming feasibility
Result: NOTE Maintainer: ‘Alexander Keyel <skeyel@gmail.com>’ No Authors@R field in DESCRIPTION. Please add one, modifying Authors@R: person(given = "Alexander", family = "Keyel", role = c("aut", "cre"), email = "skeyel@gmail.com") as necessary. Flavors: r-devel-linux-x86_64-debian-clang, r-devel-linux-x86_64-debian-gcc