Last updated on 2025-07-22 17:50:39 CEST.
Flavor | Version | Tinstall | Tcheck | Ttotal | Status | Flags |
---|---|---|---|---|---|---|
r-devel-linux-x86_64-debian-clang | 0.1-13 | 12.54 | 107.97 | 120.51 | NOTE | |
r-devel-linux-x86_64-debian-gcc | 0.1-13 | 8.87 | 79.76 | 88.63 | NOTE | |
r-devel-linux-x86_64-fedora-clang | 0.1-13 | 205.13 | OK | |||
r-devel-linux-x86_64-fedora-gcc | 0.1-13 | 196.06 | OK | |||
r-devel-windows-x86_64 | 0.1-13 | 14.00 | 143.00 | 157.00 | OK | |
r-patched-linux-x86_64 | 0.1-13 | 14.43 | 103.75 | 118.18 | OK | |
r-release-linux-x86_64 | 0.1-13 | 11.92 | 104.54 | 116.46 | OK | |
r-release-macos-arm64 | 0.1-13 | 72.00 | OK | |||
r-release-macos-x86_64 | 0.1-13 | 134.00 | OK | |||
r-release-windows-x86_64 | 0.1-13 | 15.00 | 150.00 | 165.00 | OK | |
r-oldrel-macos-arm64 | 0.1-13 | 58.00 | OK | |||
r-oldrel-macos-x86_64 | 0.1-13 | 129.00 | OK | |||
r-oldrel-windows-x86_64 | 0.1-13 | 18.00 | 175.00 | 193.00 | OK |
Version: 0.1-13
Check: CRAN incoming feasibility
Result: NOTE
Maintainer: ‘Kornelius Rohmeyer <rohmeyer@small-projects.de>’
No Authors@R field in DESCRIPTION.
Please add one, modifying
Authors@R: c(person(given = c("MuToss", "Coding"),
family = "Team",
role = "aut",
comment = "Berlin 2010"),
person(given = "Gilles",
family = "Blanchard",
role = "aut"),
person(given = "Thorsten",
family = "Dickhaus",
role = "aut"),
person(given = "Niklas",
family = "Hack",
role = "aut"),
person(given = "Frank",
family = "Konietschke",
role = "aut"),
person(given = "Kornelius",
family = "Rohmeyer",
role = c("aut", "cre"),
email = "rohmeyer@small-projects.de"),
person(given = "Jonathan",
family = "Rosenblatt",
role = "aut"),
person(given = "Marsel",
family = "Scheer",
role = "aut"),
person(given = "Wiebke",
family = "Werft",
role = "aut"))
as necessary.
Flavors: r-devel-linux-x86_64-debian-clang, r-devel-linux-x86_64-debian-gcc