Last updated on 2025-07-21 13:51:01 CEST.
Flavor | Version | Tinstall | Tcheck | Ttotal | Status | Flags |
---|---|---|---|---|---|---|
r-devel-linux-x86_64-debian-clang | 0.1.4 | 19.40 | 42.46 | 61.86 | NOTE | |
r-devel-linux-x86_64-debian-gcc | 0.1.4 | 12.07 | 30.70 | 42.77 | NOTE | |
r-devel-linux-x86_64-fedora-clang | 0.1.4 | 106.00 | NOTE | |||
r-devel-linux-x86_64-fedora-gcc | 0.1.4 | 94.72 | NOTE | |||
r-devel-windows-x86_64 | 0.1.4 | 25.00 | 91.00 | 116.00 | NOTE | |
r-patched-linux-x86_64 | 0.1.4 | 17.72 | 39.38 | 57.10 | NOTE | |
r-release-linux-x86_64 | 0.1.4 | 17.32 | 40.31 | 57.63 | NOTE | |
r-release-macos-arm64 | 0.1.4 | 33.00 | NOTE | |||
r-release-macos-x86_64 | 0.1.4 | 56.00 | NOTE | |||
r-release-windows-x86_64 | 0.1.4 | 24.00 | 90.00 | 114.00 | NOTE | |
r-oldrel-macos-arm64 | 0.1.4 | 30.00 | NOTE | |||
r-oldrel-macos-x86_64 | 0.1.4 | 45.00 | NOTE | |||
r-oldrel-windows-x86_64 | 0.1.4 | 30.00 | 105.00 | 135.00 | NOTE |
Version: 0.1.4
Check: Rd files
Result: NOTE
checkRd: (-1) DTV.Rd:20: Lost braces in \itemize; \value handles \item{}{} directly
checkRd: (-1) DTV.Rd:21: Lost braces in \itemize; \value handles \item{}{} directly
checkRd: (-1) DTV.Rd:22: Lost braces in \itemize; \value handles \item{}{} directly
checkRd: (-1) DTV.Rd:23: Lost braces in \itemize; \value handles \item{}{} directly
checkRd: (-1) DTV.Rd:24: Lost braces in \itemize; \value handles \item{}{} directly
Flavors: r-devel-linux-x86_64-debian-clang, r-devel-linux-x86_64-debian-gcc, r-devel-linux-x86_64-fedora-clang, r-devel-linux-x86_64-fedora-gcc, r-devel-windows-x86_64, r-patched-linux-x86_64, r-release-linux-x86_64, r-release-macos-arm64, r-release-macos-x86_64, r-release-windows-x86_64, r-oldrel-macos-arm64, r-oldrel-macos-x86_64, r-oldrel-windows-x86_64