Last updated on 2024-07-18 04:50:21 CEST.
Flavor | Version | Tinstall | Tcheck | Ttotal | Status | Flags |
---|---|---|---|---|---|---|
r-devel-linux-x86_64-debian-clang | 1.2-20 | 17.54 | 368.55 | 386.09 | OK | |
r-devel-linux-x86_64-debian-gcc | 1.2-20 | 12.64 | 265.69 | 278.33 | OK | |
r-devel-linux-x86_64-fedora-clang | 1.2-20 | 495.25 | OK | |||
r-devel-linux-x86_64-fedora-gcc | 1.2-20 | 476.84 | OK | |||
r-devel-windows-x86_64 | 1.2-20 | 18.00 | 365.00 | 383.00 | NOTE | |
r-patched-linux-x86_64 | 1.2-20 | 18.21 | 346.05 | 364.26 | OK | |
r-release-linux-x86_64 | 1.2-20 | 17.78 | 350.56 | 368.34 | OK | |
r-release-macos-arm64 | 1.2-20 | 140.00 | OK | |||
r-release-macos-x86_64 | 1.2-20 | 317.00 | OK | |||
r-release-windows-x86_64 | 1.2-20 | 17.00 | 371.00 | 388.00 | OK | |
r-oldrel-macos-arm64 | 1.2-20 | 168.00 | OK | |||
r-oldrel-macos-x86_64 | 1.2-20 | 363.00 | OK | |||
r-oldrel-windows-x86_64 | 1.2-20 | 22.00 | 395.00 | 417.00 | OK |
Version: 1.2-20
Check: Rd cross-references
Result: NOTE
Found the following Rd file(s) with Rd \link{} targets missing package
anchors:
model.frame.rpart.Rd: rpart
Please provide package anchors for all Rd \link{} targets not in the
package itself and the base packages.
Flavor: r-devel-windows-x86_64