Last updated on 2025-07-19 10:49:32 CEST.
Flavor | Version | Tinstall | Tcheck | Ttotal | Status | Flags |
---|---|---|---|---|---|---|
r-devel-linux-x86_64-debian-clang | 1.0.2 | 9.39 | 66.47 | 75.86 | NOTE | |
r-devel-linux-x86_64-debian-gcc | 1.0.2 | 5.90 | 47.84 | 53.74 | NOTE | |
r-devel-linux-x86_64-fedora-clang | 1.0.2 | 116.03 | OK | |||
r-devel-linux-x86_64-fedora-gcc | 1.0.2 | 110.01 | OK | |||
r-devel-windows-x86_64 | 1.0.2 | 10.00 | 84.00 | 94.00 | OK | |
r-patched-linux-x86_64 | 1.0.2 | 8.91 | 61.72 | 70.63 | OK | |
r-release-linux-x86_64 | 1.0.2 | 8.14 | 63.01 | 71.15 | OK | |
r-release-macos-arm64 | 1.0.2 | 33.00 | OK | |||
r-release-macos-x86_64 | 1.0.2 | 60.00 | OK | |||
r-release-windows-x86_64 | 1.0.2 | 10.00 | 81.00 | 91.00 | OK | |
r-oldrel-macos-arm64 | 1.0.2 | 30.00 | OK | |||
r-oldrel-macos-x86_64 | 1.0.2 | 49.00 | OK | |||
r-oldrel-windows-x86_64 | 1.0.2 | 14.00 | 93.00 | 107.00 | OK |
Version: 1.0.2
Check: CRAN incoming feasibility
Result: NOTE
Maintainer: ‘Lu Zhang <luzhangstat@gmail.com>’
No Authors@R field in DESCRIPTION.
Please add one, modifying
Authors@R: c(person(given = "Lu",
family = "Zhang",
role = c("aut", "cre"),
email = "luzhangstat@gmail.com"),
person(given = "Jun",
family = "Yin",
role = "aut"))
as necessary.
Flavors: r-devel-linux-x86_64-debian-clang, r-devel-linux-x86_64-debian-gcc