Last updated on 2024-07-18 04:50:22 CEST.
Flavor | Version | Tinstall | Tcheck | Ttotal | Status | Flags |
---|---|---|---|---|---|---|
r-devel-linux-x86_64-debian-clang | 0.5.2 | 6.91 | 64.59 | 71.50 | OK | |
r-devel-linux-x86_64-debian-gcc | 0.5.2 | 4.88 | 47.79 | 52.67 | OK | |
r-devel-linux-x86_64-fedora-clang | 0.5.2 | 89.08 | OK | |||
r-devel-linux-x86_64-fedora-gcc | 0.5.2 | 97.24 | OK | |||
r-devel-windows-x86_64 | 0.5.2 | 7.00 | 83.00 | 90.00 | NOTE | |
r-patched-linux-x86_64 | 0.5.2 | 13.69 | 61.03 | 74.72 | OK | |
r-release-linux-x86_64 | 0.5.2 | 3.86 | 61.77 | 65.63 | OK | |
r-release-macos-arm64 | 0.5.2 | 37.00 | OK | |||
r-release-macos-x86_64 | 0.5.2 | 63.00 | OK | |||
r-release-windows-x86_64 | 0.5.2 | 7.00 | 84.00 | 91.00 | OK | |
r-oldrel-macos-arm64 | 0.5.2 | 45.00 | OK | |||
r-oldrel-macos-x86_64 | 0.5.2 | 70.00 | OK | |||
r-oldrel-windows-x86_64 | 0.5.2 | 8.00 | 89.00 | 97.00 | OK |
Version: 0.5.2
Check: Rd cross-references
Result: NOTE
Found the following Rd file(s) with Rd \link{} targets missing package
anchors:
Blue.Rd: new_waveband, waveband
DNA_GM.Rd: new_waveband, waveband
DNA_N.Rd: new_waveband, waveband
DNA_P.Rd: new_waveband, waveband
GEN_M.Rd: new_waveband, waveband
IR.Rd: new_waveband, waveband
Purple.Rd: new_waveband, waveband
UV.Rd: new_waveband, waveband
UVC.Rd: new_waveband, waveband
UV_health_hazard.Rd: new_waveband, waveband
Please provide package anchors for all Rd \link{} targets not in the
package itself and the base packages.
Flavor: r-devel-windows-x86_64