Last updated on 2024-07-18 04:50:22 CEST.
Flavor | Version | Tinstall | Tcheck | Ttotal | Status | Flags |
---|---|---|---|---|---|---|
r-devel-linux-x86_64-debian-clang | 1.4.1 | 18.89 | 159.92 | 178.81 | OK | |
r-devel-linux-x86_64-debian-gcc | 1.4.1 | 14.65 | 117.70 | 132.35 | OK | |
r-devel-linux-x86_64-fedora-clang | 1.4.1 | 224.09 | OK | |||
r-devel-linux-x86_64-fedora-gcc | 1.4.1 | 227.19 | OK | |||
r-devel-windows-x86_64 | 1.4.1 | 16.00 | 169.00 | 185.00 | NOTE | |
r-patched-linux-x86_64 | 1.4.1 | 23.53 | 153.73 | 177.26 | OK | |
r-release-linux-x86_64 | 1.4.1 | 20.34 | 152.58 | 172.92 | OK | |
r-release-macos-arm64 | 1.4.1 | 99.00 | OK | |||
r-release-macos-x86_64 | 1.4.1 | 116.00 | OK | |||
r-release-windows-x86_64 | 1.4.1 | 15.00 | 172.00 | 187.00 | OK | |
r-oldrel-macos-arm64 | 1.4.1 | 94.00 | OK | |||
r-oldrel-macos-x86_64 | 1.4.1 | 254.00 | OK | |||
r-oldrel-windows-x86_64 | 1.4.1 | 18.00 | 174.00 | 192.00 | OK |
Version: 1.4.1
Check: Rd cross-references
Result: NOTE
Found the following Rd file(s) with Rd \link{} targets missing package
anchors:
slice3D.Rd: computeContour3d
Please provide package anchors for all Rd \link{} targets not in the
package itself and the base packages.
Flavor: r-devel-windows-x86_64