Last updated on 2024-07-18 09:52:32 CEST.
Flavor | Version | Tinstall | Tcheck | Ttotal | Status | Flags |
---|---|---|---|---|---|---|
r-devel-linux-x86_64-debian-clang | 0.5.4 | 2.76 | 50.54 | 53.30 | OK | |
r-devel-linux-x86_64-debian-gcc | 0.5.4 | 2.66 | 38.52 | 41.18 | OK | |
r-devel-linux-x86_64-fedora-clang | 0.5.4 | 71.39 | OK | |||
r-devel-linux-x86_64-fedora-gcc | 0.5.4 | 81.77 | OK | |||
r-devel-windows-x86_64 | 0.5.4 | 4.00 | 65.00 | 69.00 | OK | |
r-patched-linux-x86_64 | 0.5.4 | 3.34 | 49.86 | 53.20 | OK | |
r-release-linux-x86_64 | 0.5.4 | 2.50 | 49.36 | 51.86 | OK | |
r-release-macos-arm64 | 0.5.4 | 33.00 | OK | |||
r-release-macos-x86_64 | 0.5.4 | 55.00 | OK | |||
r-release-windows-x86_64 | 0.5.4 | 5.00 | 65.00 | 70.00 | OK | |
r-oldrel-macos-arm64 | 0.5.4 | 33.00 | OK | |||
r-oldrel-macos-x86_64 | 0.5.4 | 47.00 | NOTE | |||
r-oldrel-windows-x86_64 | 0.5.4 | 5.00 | 69.00 | 74.00 | OK |
Version: 0.5.4
Check: package dependencies
Result: NOTE
Package suggested but not available for checking: ‘rstan’
Flavor: r-oldrel-macos-x86_64
Version: 0.5.4
Check: Rd cross-references
Result: NOTE
Package unavailable to check Rd xrefs: ‘rstan’
Flavor: r-oldrel-macos-x86_64