CRAN Package Check Results for Package readOffice

Last updated on 2025-07-15 23:51:30 CEST.

Flavor Version Tinstall Tcheck Ttotal Status Flags
r-devel-linux-x86_64-debian-clang 0.2.2 1.29 19.60 20.89 NOTE
r-devel-linux-x86_64-debian-gcc 0.2.2 1.55 16.47 18.02 NOTE
r-devel-linux-x86_64-fedora-clang 0.2.2 34.23 OK
r-devel-linux-x86_64-fedora-gcc 0.2.2 31.94 OK
r-devel-windows-x86_64 0.2.2 3.00 40.00 43.00 OK
r-patched-linux-x86_64 0.2.2 1.76 18.31 20.07 OK
r-release-linux-x86_64 0.2.2 1.81 18.15 19.96 OK
r-release-macos-arm64 0.2.2 18.00 OK
r-release-macos-x86_64 0.2.2 23.00 OK
r-release-windows-x86_64 0.2.2 3.00 46.00 49.00 OK
r-oldrel-macos-arm64 0.2.2 16.00 NOTE
r-oldrel-macos-x86_64 0.2.2 22.00 NOTE
r-oldrel-windows-x86_64 0.2.2 4.00 44.00 48.00 NOTE

Check Details

Version: 0.2.2
Check: CRAN incoming feasibility
Result: NOTE Maintainer: ‘Mark Ewing <b.mark@ewingsonline.com>’ No Authors@R field in DESCRIPTION. Please add one, modifying Authors@R: person(given = "Mark", family = "Ewing", role = c("aut", "cre"), email = "b.mark@ewingsonline.com") as necessary. Flavors: r-devel-linux-x86_64-debian-clang, r-devel-linux-x86_64-debian-gcc

Version: 0.2.2
Check: LazyData
Result: NOTE 'LazyData' is specified without a 'data' directory Flavors: r-oldrel-macos-arm64, r-oldrel-macos-x86_64, r-oldrel-windows-x86_64