CRAN Package Check Results for Package reinstallr

Last updated on 2025-07-24 23:49:36 CEST.

Flavor Version Tinstall Tcheck Ttotal Status Flags
r-devel-linux-x86_64-debian-clang 0.1.5 1.60 19.33 20.93 NOTE
r-devel-linux-x86_64-debian-gcc 0.1.5 1.46 15.90 17.36 NOTE
r-devel-linux-x86_64-fedora-clang 0.1.5 32.77 OK
r-devel-linux-x86_64-fedora-gcc 0.1.5 43.60 OK
r-devel-windows-x86_64 0.1.5 4.00 49.00 53.00 OK
r-patched-linux-x86_64 0.1.5 1.49 18.19 19.68 OK
r-release-linux-x86_64 0.1.5 1.56 18.32 19.88 OK
r-release-macos-arm64 0.1.5 18.00 OK
r-release-macos-x86_64 0.1.5 35.00 OK
r-release-windows-x86_64 0.1.5 2.00 42.00 44.00 OK
r-oldrel-macos-arm64 0.1.5 21.00 OK
r-oldrel-macos-x86_64 0.1.5 31.00 OK
r-oldrel-windows-x86_64 0.1.5 2.00 45.00 47.00 OK

Check Details

Version: 0.1.5
Check: CRAN incoming feasibility
Result: NOTE Maintainer: ‘Calli Gross <calli@calligross.de>’ No Authors@R field in DESCRIPTION. Please add one, modifying Authors@R: person(given = "Calli", family = "Gross", role = c("aut", "cre"), email = "calli@calligross.de") as necessary. Flavors: r-devel-linux-x86_64-debian-clang, r-devel-linux-x86_64-debian-gcc