Last updated on 2024-07-18 09:52:34 CEST.
Flavor | Version | Tinstall | Tcheck | Ttotal | Status | Flags |
---|---|---|---|---|---|---|
r-devel-linux-x86_64-debian-clang | 0.1.7 | 3.16 | 35.61 | 38.77 | NOTE | |
r-devel-linux-x86_64-debian-gcc | 0.1.7 | 2.65 | 27.26 | 29.91 | NOTE | |
r-devel-linux-x86_64-fedora-clang | 0.1.7 | 51.21 | NOTE | |||
r-devel-linux-x86_64-fedora-gcc | 0.1.7 | 47.25 | NOTE | |||
r-devel-windows-x86_64 | 0.1.7 | 4.00 | 52.00 | 56.00 | NOTE | |
r-patched-linux-x86_64 | 0.1.7 | 2.91 | 35.13 | 38.04 | NOTE | |
r-release-linux-x86_64 | 0.1.7 | 2.68 | 34.47 | 37.15 | NOTE | |
r-release-macos-arm64 | 0.1.7 | 17.00 | NOTE | |||
r-release-macos-x86_64 | 0.1.7 | 27.00 | NOTE | |||
r-release-windows-x86_64 | 0.1.7 | 5.00 | 52.00 | 57.00 | NOTE | |
r-oldrel-macos-arm64 | 0.1.7 | 20.00 | NOTE | |||
r-oldrel-macos-x86_64 | 0.1.7 | 26.00 | NOTE | |||
r-oldrel-windows-x86_64 | 0.1.7 | 6.00 | 55.00 | 61.00 | NOTE |
Version: 0.1.7
Check: LazyData
Result: NOTE
'LazyData' is specified without a 'data' directory
Flavors: r-devel-linux-x86_64-debian-clang, r-devel-linux-x86_64-debian-gcc, r-devel-linux-x86_64-fedora-clang, r-devel-linux-x86_64-fedora-gcc, r-devel-windows-x86_64, r-patched-linux-x86_64, r-release-linux-x86_64, r-release-macos-arm64, r-release-macos-x86_64, r-release-windows-x86_64, r-oldrel-macos-arm64, r-oldrel-macos-x86_64, r-oldrel-windows-x86_64