Last updated on 2025-07-17 17:50:25 CEST.
Flavor | Version | Tinstall | Tcheck | Ttotal | Status | Flags |
---|---|---|---|---|---|---|
r-devel-linux-x86_64-debian-clang | 1.0.2 | 113.21 | 88.09 | 201.30 | OK | |
r-devel-linux-x86_64-debian-gcc | 1.0.2 | 91.44 | 60.96 | 152.40 | OK | |
r-devel-linux-x86_64-fedora-clang | 1.0.2 | 315.09 | OK | |||
r-devel-linux-x86_64-fedora-gcc | 1.0.2 | 371.98 | OK | |||
r-devel-windows-x86_64 | 1.0.2 | 111.00 | 132.00 | 243.00 | OK | |
r-patched-linux-x86_64 | 1.0.2 | 121.62 | 89.59 | 211.21 | OK | |
r-release-linux-x86_64 | 1.0.2 | 126.88 | 89.28 | 216.16 | OK | |
r-release-macos-arm64 | 1.0.2 | 76.00 | OK | |||
r-release-macos-x86_64 | 1.0.2 | 173.00 | OK | |||
r-release-windows-x86_64 | 1.0.2 | 115.00 | 126.00 | 241.00 | OK | |
r-oldrel-macos-arm64 | 1.0.2 | 84.00 | NOTE | |||
r-oldrel-macos-x86_64 | 1.0.2 | 129.00 | NOTE | |||
r-oldrel-windows-x86_64 | 1.0.2 | 140.00 | 158.00 | 298.00 | OK |
Version: 1.0.2
Check: installed package size
Result: NOTE
installed size is 44.8Mb
sub-directories of 1Mb or more:
libs 44.2Mb
Flavors: r-oldrel-macos-arm64, r-oldrel-macos-x86_64