Last updated on 2024-07-18 09:52:34 CEST.
Flavor | Version | Tinstall | Tcheck | Ttotal | Status | Flags |
---|---|---|---|---|---|---|
r-devel-linux-x86_64-debian-clang | 0.2.2 | 29.11 | 27.48 | 56.59 | NOTE | |
r-devel-linux-x86_64-debian-gcc | 0.2.2 | 12.99 | 20.54 | 33.53 | NOTE | |
r-devel-linux-x86_64-fedora-clang | 0.2.2 | 71.56 | NOTE | |||
r-devel-linux-x86_64-fedora-gcc | 0.2.2 | 66.59 | NOTE | |||
r-devel-windows-x86_64 | 0.2.2 | 19.00 | 62.00 | 81.00 | NOTE | |
r-patched-linux-x86_64 | 0.2.2 | 16.94 | 25.56 | 42.50 | NOTE | |
r-release-linux-x86_64 | 0.2.2 | 17.63 | 25.89 | 43.52 | NOTE | |
r-release-macos-arm64 | 0.2.2 | 20.00 | NOTE | |||
r-release-macos-x86_64 | 0.2.2 | 30.00 | NOTE | |||
r-release-windows-x86_64 | 0.2.2 | 18.00 | 61.00 | 79.00 | NOTE | |
r-oldrel-macos-arm64 | 0.2.2 | 31.00 | NOTE | |||
r-oldrel-macos-x86_64 | 0.2.2 | 33.00 | NOTE | |||
r-oldrel-windows-x86_64 | 0.2.2 | 17.00 | 68.00 | 85.00 | NOTE |
Version: 0.2.2
Check: C++ specification
Result: NOTE
Specified C++11: please drop specification unless essential
Flavors: r-devel-linux-x86_64-debian-clang, r-devel-linux-x86_64-debian-gcc, r-devel-linux-x86_64-fedora-clang, r-devel-linux-x86_64-fedora-gcc, r-devel-windows-x86_64, r-patched-linux-x86_64, r-release-linux-x86_64, r-release-macos-arm64, r-release-macos-x86_64, r-release-windows-x86_64, r-oldrel-macos-arm64, r-oldrel-macos-x86_64, r-oldrel-windows-x86_64