Last updated on 2025-07-17 09:51:03 CEST.
Flavor | Version | Tinstall | Tcheck | Ttotal | Status | Flags |
---|---|---|---|---|---|---|
r-devel-linux-x86_64-debian-clang | 1.0.0 | 47.96 | 114.69 | 162.65 | OK | |
r-devel-linux-x86_64-debian-gcc | 1.0.0 | 37.36 | 85.13 | 122.49 | OK | |
r-devel-linux-x86_64-fedora-clang | 1.0.0 | 270.14 | OK | |||
r-devel-linux-x86_64-fedora-gcc | 1.0.0 | 274.09 | OK | |||
r-devel-windows-x86_64 | 1.0.0 | 62.00 | 127.00 | 189.00 | OK | |
r-patched-linux-x86_64 | 1.0.0 | 52.40 | 110.60 | 163.00 | OK | |
r-release-linux-x86_64 | 1.0.0 | 52.18 | 110.41 | 162.59 | OK | |
r-release-macos-arm64 | 1.0.0 | 69.00 | OK | |||
r-release-macos-x86_64 | 1.0.0 | 127.00 | OK | |||
r-release-windows-x86_64 | 1.0.0 | 61.00 | 133.00 | 194.00 | OK | |
r-oldrel-macos-arm64 | 1.0.0 | 74.00 | NOTE | |||
r-oldrel-macos-x86_64 | 1.0.0 | 128.00 | NOTE | |||
r-oldrel-windows-x86_64 | 1.0.0 | 71.00 | 162.00 | 233.00 | OK |
Version: 1.0.0
Check: installed package size
Result: NOTE
installed size is 8.1Mb
sub-directories of 1Mb or more:
doc 2.7Mb
libs 4.9Mb
Flavors: r-oldrel-macos-arm64, r-oldrel-macos-x86_64