CRAN Package Check Results for Package sRdpData

Last updated on 2025-07-17 04:54:54 CEST.

Flavor Version Tinstall Tcheck Ttotal Status Flags
r-devel-linux-x86_64-debian-clang 0.1.0 2.61 27.73 30.34 NOTE
r-devel-linux-x86_64-debian-gcc 0.1.0 1.89 22.26 24.15 NOTE
r-devel-linux-x86_64-fedora-clang 0.1.0 44.16 OK
r-devel-linux-x86_64-fedora-gcc 0.1.0 43.26 OK
r-devel-windows-x86_64 0.1.0 4.00 46.00 50.00 OK
r-patched-linux-x86_64 0.1.0 2.35 24.75 27.10 OK
r-release-linux-x86_64 0.1.0 2.50 25.15 27.65 OK
r-release-macos-arm64 0.1.0 19.00 OK
r-release-macos-x86_64 0.1.0 36.00 OK
r-release-windows-x86_64 0.1.0 4.00 46.00 50.00 OK
r-oldrel-macos-arm64 0.1.0 18.00 OK
r-oldrel-macos-x86_64 0.1.0 26.00 OK
r-oldrel-windows-x86_64 0.1.0 5.00 53.00 58.00 OK

Check Details

Version: 0.1.0
Check: CRAN incoming feasibility
Result: NOTE Maintainer: ‘Harriet Jane Goers <hgoers@umd.edu>’ No Authors@R field in DESCRIPTION. Please add one, modifying Authors@R: person(given = c("Harriet", "Jane"), family = "Goers", role = c("aut", "cre"), email = "hgoers@umd.edu") as necessary. Flavors: r-devel-linux-x86_64-debian-clang, r-devel-linux-x86_64-debian-gcc