Last updated on 2024-07-18 09:52:35 CEST.
Flavor | Version | Tinstall | Tcheck | Ttotal | Status | Flags |
---|---|---|---|---|---|---|
r-devel-linux-x86_64-debian-clang | 1.6 | 6.24 | 64.65 | 70.89 | NOTE | |
r-devel-linux-x86_64-debian-gcc | 1.6 | 4.56 | 49.25 | 53.81 | NOTE | |
r-devel-linux-x86_64-fedora-clang | 1.6 | 91.67 | NOTE | |||
r-devel-linux-x86_64-fedora-gcc | 1.6 | 97.01 | NOTE | |||
r-devel-windows-x86_64 | 1.6 | 7.00 | 113.00 | 120.00 | NOTE | |
r-patched-linux-x86_64 | 1.6 | 5.95 | 63.97 | 69.92 | NOTE | |
r-release-linux-x86_64 | 1.6 | 3.38 | 63.84 | 67.22 | NOTE | |
r-release-macos-arm64 | 1.6 | 43.00 | NOTE | |||
r-release-macos-x86_64 | 1.6 | 59.00 | NOTE | |||
r-release-windows-x86_64 | 1.6 | 7.00 | 113.00 | 120.00 | NOTE | |
r-oldrel-macos-arm64 | 1.6 | 39.00 | NOTE | |||
r-oldrel-macos-x86_64 | 1.6 | 52.00 | NOTE | |||
r-oldrel-windows-x86_64 | 1.6 | 8.00 | 112.00 | 120.00 | NOTE |
Version: 1.6
Check: LazyData
Result: NOTE
'LazyData' is specified without a 'data' directory
Flavors: r-devel-linux-x86_64-debian-clang, r-devel-linux-x86_64-debian-gcc, r-devel-linux-x86_64-fedora-clang, r-devel-linux-x86_64-fedora-gcc, r-devel-windows-x86_64, r-patched-linux-x86_64, r-release-linux-x86_64, r-release-macos-arm64, r-release-macos-x86_64, r-release-windows-x86_64, r-oldrel-macos-arm64, r-oldrel-macos-x86_64, r-oldrel-windows-x86_64