Last updated on 2025-07-17 04:54:53 CEST.
Flavor | Version | Tinstall | Tcheck | Ttotal | Status | Flags |
---|---|---|---|---|---|---|
r-devel-linux-x86_64-debian-clang | 0.1.2 | 7.74 | 61.19 | 68.93 | NOTE | |
r-devel-linux-x86_64-debian-gcc | 0.1.2 | 5.75 | 43.10 | 48.85 | NOTE | |
r-devel-linux-x86_64-fedora-clang | 0.1.2 | 113.14 | OK | |||
r-devel-linux-x86_64-fedora-gcc | 0.1.2 | 115.30 | OK | |||
r-devel-windows-x86_64 | 0.1.2 | 11.00 | 76.00 | 87.00 | OK | |
r-patched-linux-x86_64 | 0.1.2 | 7.11 | 57.29 | 64.40 | OK | |
r-release-linux-x86_64 | 0.1.2 | 5.80 | 56.75 | 62.55 | OK | |
r-release-macos-arm64 | 0.1.2 | 39.00 | OK | |||
r-release-macos-x86_64 | 0.1.2 | 67.00 | OK | |||
r-release-windows-x86_64 | 0.1.2 | 9.00 | 75.00 | 84.00 | OK | |
r-oldrel-macos-arm64 | 0.1.2 | 37.00 | NOTE | |||
r-oldrel-macos-x86_64 | 0.1.2 | 55.00 | NOTE | |||
r-oldrel-windows-x86_64 | 0.1.2 | 14.00 | 101.00 | 115.00 | NOTE |
Version: 0.1.2
Check: CRAN incoming feasibility
Result: NOTE
Maintainer: ‘Sinead E. Morris <sinead.morris@columbia.edu>’
Package CITATION file contains call(s) to old-style citEntry(). Please
use bibentry() instead.
Flavors: r-devel-linux-x86_64-debian-clang, r-devel-linux-x86_64-debian-gcc
Version: 0.1.2
Check: LazyData
Result: NOTE
'LazyData' is specified without a 'data' directory
Flavors: r-oldrel-macos-arm64, r-oldrel-macos-x86_64, r-oldrel-windows-x86_64