Last updated on 2024-07-18 09:52:36 CEST.
Flavor | Version | Tinstall | Tcheck | Ttotal | Status | Flags |
---|---|---|---|---|---|---|
r-devel-linux-x86_64-debian-clang | 1.5 | 24.35 | 45.11 | 69.46 | NOTE | |
r-devel-linux-x86_64-debian-gcc | 1.5 | 15.16 | 33.61 | 48.77 | NOTE | |
r-devel-linux-x86_64-fedora-clang | 1.5 | 91.89 | NOTE | |||
r-devel-linux-x86_64-fedora-gcc | 1.5 | 87.08 | NOTE | |||
r-devel-windows-x86_64 | 1.5 | 23.00 | 73.00 | 96.00 | NOTE | |
r-patched-linux-x86_64 | 1.5 | 18.70 | 43.05 | 61.75 | NOTE | |
r-release-linux-x86_64 | 1.5 | 20.30 | 42.49 | 62.79 | NOTE | |
r-release-macos-arm64 | 1.5 | 26.00 | NOTE | |||
r-release-macos-x86_64 | 1.5 | 39.00 | NOTE | |||
r-release-windows-x86_64 | 1.5 | 21.00 | 74.00 | 95.00 | NOTE | |
r-oldrel-macos-arm64 | 1.5 | 28.00 | OK | |||
r-oldrel-macos-x86_64 | 1.5 | 46.00 | OK | |||
r-oldrel-windows-x86_64 | 1.5 | 27.00 | 81.00 | 108.00 | OK |
Version: 1.5
Check: Rd files
Result: NOTE
checkRd: (-1) add_k_mer_state.Rd:33: Lost braces in \itemize; \value handles \item{}{} directly
checkRd: (-1) add_k_mer_state.Rd:34: Lost braces in \itemize; \value handles \item{}{} directly
checkRd: (-1) add_k_mer_state.Rd:35: Lost braces in \itemize; \value handles \item{}{} directly
checkRd: (-1) add_k_mer_state.Rd:36: Lost braces in \itemize; \value handles \item{}{} directly
checkRd: (-1) duration_viterbi.Rd:23: Lost braces in \itemize; \value handles \item{}{} directly
checkRd: (-1) duration_viterbi.Rd:24: Lost braces in \itemize; \value handles \item{}{} directly
checkRd: (-1) duration_viterbi.Rd:25: Lost braces in \itemize; \value handles \item{}{} directly
checkRd: (-1) duration_viterbi.Rd:26: Lost braces in \itemize; \value handles \item{}{} directly
Flavors: r-devel-linux-x86_64-debian-clang, r-devel-linux-x86_64-debian-gcc, r-devel-linux-x86_64-fedora-clang, r-devel-linux-x86_64-fedora-gcc, r-devel-windows-x86_64, r-patched-linux-x86_64, r-release-linux-x86_64, r-release-macos-arm64, r-release-macos-x86_64, r-release-windows-x86_64