CRAN Package Check Results for Package smartmap

Last updated on 2025-07-16 13:48:43 CEST.

Flavor Version Tinstall Tcheck Ttotal Status Flags
r-devel-linux-x86_64-debian-clang 0.1.1 3.98 41.62 45.60 NOTE
r-devel-linux-x86_64-debian-gcc 0.1.1 2.97 33.52 36.49 NOTE
r-devel-linux-x86_64-fedora-clang 0.1.1 72.42 NOTE
r-devel-linux-x86_64-fedora-gcc 0.1.1 75.01 NOTE
r-devel-windows-x86_64 0.1.1 7.00 57.00 64.00 NOTE
r-patched-linux-x86_64 0.1.1 3.92 40.23 44.15 NOTE
r-release-linux-x86_64 0.1.1 4.05 39.63 43.68 NOTE
r-release-macos-arm64 0.1.1 24.00 NOTE
r-release-macos-x86_64 0.1.1 42.00 NOTE
r-release-windows-x86_64 0.1.1 6.00 63.00 69.00 NOTE
r-oldrel-macos-arm64 0.1.1 23.00 NOTE
r-oldrel-macos-x86_64 0.1.1 37.00 NOTE
r-oldrel-windows-x86_64 0.1.1 7.00 68.00 75.00 NOTE

Check Details

Version: 0.1.1
Check: package subdirectories
Result: NOTE Problems with news in ‘NEWS.md’: No news entries found. Flavors: r-devel-linux-x86_64-debian-clang, r-devel-linux-x86_64-debian-gcc, r-devel-linux-x86_64-fedora-clang, r-devel-linux-x86_64-fedora-gcc, r-devel-windows-x86_64, r-patched-linux-x86_64, r-release-linux-x86_64, r-release-macos-arm64, r-release-macos-x86_64, r-release-windows-x86_64, r-oldrel-macos-arm64, r-oldrel-macos-x86_64, r-oldrel-windows-x86_64

Version: 0.1.1
Check: LazyData
Result: NOTE 'LazyData' is specified without a 'data' directory Flavors: r-oldrel-macos-arm64, r-oldrel-macos-x86_64, r-oldrel-windows-x86_64