Last updated on 2024-07-18 04:50:28 CEST.
Flavor | Version | Tinstall | Tcheck | Ttotal | Status | Flags |
---|---|---|---|---|---|---|
r-devel-linux-x86_64-debian-clang | 2.1.1 | 19.60 | 178.20 | 197.80 | NOTE | |
r-devel-linux-x86_64-debian-gcc | 2.1.1 | 16.64 | 121.12 | 137.76 | NOTE | |
r-devel-linux-x86_64-fedora-clang | 2.1.1 | 234.06 | NOTE | |||
r-devel-linux-x86_64-fedora-gcc | 2.1.1 | 235.04 | NOTE | |||
r-devel-windows-x86_64 | 2.1.1 | 19.00 | 141.00 | 160.00 | NOTE | |
r-patched-linux-x86_64 | 2.1.1 | 25.43 | 168.17 | 193.60 | NOTE | |
r-release-linux-x86_64 | 2.1.1 | 21.13 | 158.03 | 179.16 | NOTE | |
r-release-macos-arm64 | 2.1.1 | 63.00 | NOTE | |||
r-release-macos-x86_64 | 2.1.1 | 125.00 | NOTE | |||
r-release-windows-x86_64 | 2.1.1 | 18.00 | 145.00 | 163.00 | NOTE | |
r-oldrel-macos-arm64 | 2.1.1 | 59.00 | OK | |||
r-oldrel-macos-x86_64 | 2.1.1 | 108.00 | OK | |||
r-oldrel-windows-x86_64 | 2.1.1 | 24.00 | 171.00 | 195.00 | OK |
Version: 2.1.1
Check: Rd files
Result: NOTE
checkRd: (-1) plot.selm.Rd:101: Lost braces
101 | data. Default value for code{which} is \code{2:4} if \code{p>1}, otherwise
| ^
Flavors: r-devel-linux-x86_64-debian-clang, r-devel-linux-x86_64-debian-gcc, r-devel-linux-x86_64-fedora-clang, r-devel-linux-x86_64-fedora-gcc, r-devel-windows-x86_64, r-patched-linux-x86_64, r-release-linux-x86_64, r-release-macos-arm64, r-release-macos-x86_64, r-release-windows-x86_64