Last updated on 2025-07-25 17:50:08 CEST.
Flavor | Version | Tinstall | Tcheck | Ttotal | Status | Flags |
---|---|---|---|---|---|---|
r-devel-linux-x86_64-debian-clang | 2.0 | 2.38 | 29.00 | 31.38 | NOTE | |
r-devel-linux-x86_64-debian-gcc | 2.0 | 2.00 | 23.14 | 25.14 | NOTE | |
r-devel-linux-x86_64-fedora-clang | 2.0 | 47.37 | OK | |||
r-devel-linux-x86_64-fedora-gcc | 2.0 | 58.66 | OK | |||
r-devel-windows-x86_64 | 2.0 | 4.00 | 53.00 | 57.00 | OK | |
r-patched-linux-x86_64 | 2.0 | 2.40 | 26.24 | 28.64 | OK | |
r-release-linux-x86_64 | 2.0 | 2.38 | 26.37 | 28.75 | OK | |
r-release-macos-arm64 | 2.0 | 41.00 | OK | |||
r-release-macos-x86_64 | 2.0 | 43.00 | OK | |||
r-release-windows-x86_64 | 2.0 | 4.00 | 48.00 | 52.00 | OK | |
r-oldrel-macos-arm64 | 2.0 | 26.00 | OK | |||
r-oldrel-macos-x86_64 | 2.0 | 38.00 | OK | |||
r-oldrel-windows-x86_64 | 2.0 | 5.00 | 54.00 | 59.00 | OK |
Version: 2.0
Check: CRAN incoming feasibility
Result: NOTE
Maintainer: ‘Ramnath Vaidyanathan <ramnath.vaidya@gmail.com>’
Found the following (possibly) invalid file URI:
URI: CONDUCT.md
From: README.md
Flavors: r-devel-linux-x86_64-debian-clang, r-devel-linux-x86_64-debian-gcc