Last updated on 2025-07-25 17:50:08 CEST.
Flavor | Version | Tinstall | Tcheck | Ttotal | Status | Flags |
---|---|---|---|---|---|---|
r-devel-linux-x86_64-debian-clang | 3.2-6 | 24.21 | 194.11 | 218.32 | OK | |
r-devel-linux-x86_64-debian-gcc | 3.2-6 | 17.53 | 134.28 | 151.81 | OK | |
r-devel-linux-x86_64-fedora-clang | 3.3-1 | 351.37 | OK | |||
r-devel-linux-x86_64-fedora-gcc | 3.3-1 | 330.11 | OK | |||
r-devel-windows-x86_64 | 3.2-6 | 39.00 | 235.00 | 274.00 | OK | |
r-patched-linux-x86_64 | 3.2-6 | 34.43 | 185.22 | 219.65 | OK | |
r-release-linux-x86_64 | 3.2-6 | 21.76 | 187.48 | 209.24 | OK | |
r-release-macos-arm64 | 3.2-6 | 94.00 | OK | |||
r-release-macos-x86_64 | 3.3-1 | 193.00 | OK | |||
r-release-windows-x86_64 | 3.3-1 | 32.00 | 242.00 | 274.00 | OK | |
r-oldrel-macos-arm64 | 3.2-6 | 93.00 | NOTE | |||
r-oldrel-macos-x86_64 | 3.3-1 | 175.00 | NOTE | |||
r-oldrel-windows-x86_64 | 3.3-1 | 30.00 | 267.00 | 297.00 | NOTE |
Version: 3.2-6
Check: package dependencies
Result: NOTE
Depends: includes the non-default packages:
'spatstat.data', 'spatstat.univar', 'spatstat.geom',
'spatstat.random', 'spatstat.explore', 'spatstat.model'
Adding so many packages to the search path is excessive and importing
selectively is preferable.
Flavor: r-oldrel-macos-arm64
Version: 3.3-1
Check: package dependencies
Result: NOTE
Depends: includes the non-default packages:
'spatstat.data', 'spatstat.univar', 'spatstat.geom',
'spatstat.random', 'spatstat.explore', 'spatstat.model'
Adding so many packages to the search path is excessive and importing
selectively is preferable.
Flavors: r-oldrel-macos-x86_64, r-oldrel-windows-x86_64