Last updated on 2024-07-18 09:52:37 CEST.
Flavor | Version | Tinstall | Tcheck | Ttotal | Status | Flags |
---|---|---|---|---|---|---|
r-devel-linux-x86_64-debian-clang | 1.2 | 2.70 | 26.89 | 29.59 | NOTE | |
r-devel-linux-x86_64-debian-gcc | 1.2 | 1.82 | 20.01 | 21.83 | NOTE | |
r-devel-linux-x86_64-fedora-clang | 1.2 | 36.21 | NOTE | |||
r-devel-linux-x86_64-fedora-gcc | 1.2 | 33.90 | NOTE | |||
r-devel-windows-x86_64 | 1.2 | 3.00 | 43.00 | 46.00 | NOTE | |
r-patched-linux-x86_64 | 1.2 | 2.47 | 25.04 | 27.51 | NOTE | |
r-release-linux-x86_64 | 1.2 | 1.88 | 24.87 | 26.75 | NOTE | |
r-release-macos-arm64 | 1.2 | 15.00 | NOTE | |||
r-release-macos-x86_64 | 1.2 | 22.00 | NOTE | |||
r-release-windows-x86_64 | 1.2 | 2.00 | 41.00 | 43.00 | NOTE | |
r-oldrel-macos-arm64 | 1.2 | 18.00 | OK | |||
r-oldrel-macos-x86_64 | 1.2 | 23.00 | OK | |||
r-oldrel-windows-x86_64 | 1.2 | 5.00 | 44.00 | 49.00 | OK |
Version: 1.2
Check: Rd files
Result: NOTE
checkRd: (-1) subdetect-package.Rd:11: Lost braces in \itemize; meant \describe ?
checkRd: (-1) subdetect-package.Rd:12: Lost braces in \itemize; meant \describe ?
Flavors: r-devel-linux-x86_64-debian-clang, r-devel-linux-x86_64-debian-gcc, r-devel-linux-x86_64-fedora-clang, r-devel-linux-x86_64-fedora-gcc, r-devel-windows-x86_64, r-patched-linux-x86_64, r-release-linux-x86_64, r-release-macos-arm64, r-release-macos-x86_64, r-release-windows-x86_64