Last updated on 2024-07-18 04:50:29 CEST.
Flavor | Version | Tinstall | Tcheck | Ttotal | Status | Flags |
---|---|---|---|---|---|---|
r-devel-linux-x86_64-debian-clang | 0.1.0 | 35.22 | 28.66 | 63.88 | NOTE | |
r-devel-linux-x86_64-debian-gcc | 0.1.0 | 22.09 | 21.34 | 43.43 | NOTE | |
r-devel-linux-x86_64-fedora-clang | 0.1.0 | 98.97 | NOTE | |||
r-devel-linux-x86_64-fedora-gcc | 0.1.0 | 90.68 | NOTE | |||
r-devel-windows-x86_64 | 0.1.0 | 27.00 | 58.00 | 85.00 | NOTE | |
r-patched-linux-x86_64 | 0.1.0 | 28.49 | 27.65 | 56.14 | NOTE | |
r-release-linux-x86_64 | 0.1.0 | 26.69 | 26.98 | 53.67 | NOTE | |
r-release-macos-arm64 | 0.1.0 | 23.00 | NOTE | |||
r-release-macos-x86_64 | 0.1.0 | 31.00 | NOTE | |||
r-release-windows-x86_64 | 0.1.0 | 28.00 | 61.00 | 89.00 | NOTE | |
r-oldrel-macos-arm64 | 0.1.0 | 24.00 | NOTE | |||
r-oldrel-macos-x86_64 | 0.1.0 | 41.00 | NOTE | |||
r-oldrel-windows-x86_64 | 0.1.0 | 31.00 | 64.00 | 95.00 | NOTE |
Version: 0.1.0
Check: C++ specification
Result: NOTE
Specified C++11: please drop specification unless essential
Flavors: r-devel-linux-x86_64-debian-clang, r-devel-linux-x86_64-debian-gcc, r-devel-linux-x86_64-fedora-clang, r-devel-linux-x86_64-fedora-gcc, r-devel-windows-x86_64, r-patched-linux-x86_64, r-release-linux-x86_64, r-release-macos-arm64, r-release-macos-x86_64, r-release-windows-x86_64, r-oldrel-macos-arm64, r-oldrel-macos-x86_64, r-oldrel-windows-x86_64
Version: 0.1.0
Check: LazyData
Result: NOTE
'LazyData' is specified without a 'data' directory
Flavors: r-devel-linux-x86_64-debian-clang, r-devel-linux-x86_64-debian-gcc, r-devel-linux-x86_64-fedora-clang, r-devel-linux-x86_64-fedora-gcc, r-devel-windows-x86_64, r-patched-linux-x86_64, r-release-linux-x86_64, r-release-macos-arm64, r-release-macos-x86_64, r-release-windows-x86_64, r-oldrel-macos-arm64, r-oldrel-macos-x86_64, r-oldrel-windows-x86_64