Last updated on 2025-07-21 00:50:04 CEST.
Flavor | Version | Tinstall | Tcheck | Ttotal | Status | Flags |
---|---|---|---|---|---|---|
r-devel-linux-x86_64-debian-clang | 0.1.0 | 10.14 | 234.61 | 244.75 | NOTE | |
r-devel-linux-x86_64-debian-gcc | 0.1.0 | 7.83 | 160.21 | 168.04 | NOTE | |
r-devel-linux-x86_64-fedora-clang | 0.1.0 | 409.69 | NOTE | |||
r-devel-linux-x86_64-fedora-gcc | 0.1.0 | 409.44 | NOTE | |||
r-devel-windows-x86_64 | 0.1.0 | 11.00 | 233.00 | 244.00 | NOTE | |
r-patched-linux-x86_64 | 0.1.0 | 10.78 | 212.65 | 223.43 | NOTE | |
r-release-linux-x86_64 | 0.1.0 | 10.39 | 210.21 | 220.60 | NOTE | |
r-release-macos-arm64 | 0.1.0 | 120.00 | NOTE | |||
r-release-macos-x86_64 | 0.1.0 | 230.00 | NOTE | |||
r-release-windows-x86_64 | 0.1.0 | 11.00 | 229.00 | 240.00 | NOTE | |
r-oldrel-macos-arm64 | 0.1.0 | 110.00 | NOTE | |||
r-oldrel-macos-x86_64 | 0.1.0 | 177.00 | NOTE | |||
r-oldrel-windows-x86_64 | 0.1.0 | 14.00 | 287.00 | 301.00 | NOTE |
Version: 0.1.0
Check: Rd files
Result: NOTE
checkRd: (-1) trait_missing.Rd:17-18: Lost braces in \itemize; \value handles \item{}{} directly
checkRd: (-1) trait_missing.Rd:19-20: Lost braces in \itemize; \value handles \item{}{} directly
checkRd: (-1) trait_missing.Rd:21-22: Lost braces in \itemize; \value handles \item{}{} directly
checkRd: (-1) trait_missing.Rd:23-24: Lost braces in \itemize; \value handles \item{}{} directly
Flavors: r-devel-linux-x86_64-debian-clang, r-devel-linux-x86_64-debian-gcc, r-devel-linux-x86_64-fedora-clang, r-devel-linux-x86_64-fedora-gcc, r-devel-windows-x86_64, r-patched-linux-x86_64, r-release-linux-x86_64, r-release-macos-arm64, r-release-macos-x86_64, r-release-windows-x86_64, r-oldrel-macos-arm64, r-oldrel-macos-x86_64, r-oldrel-windows-x86_64